{"id":417,"date":"2021-04-03T18:27:18","date_gmt":"2021-04-03T21:27:18","guid":{"rendered":"https:\/\/elocapelania.org.br\/?page_id=417"},"modified":"2021-10-06T18:39:00","modified_gmt":"2021-10-06T21:39:00","slug":"campanhas","status":"publish","type":"page","link":"https:\/\/elocapelania.org.br\/10-anos-capelania\/campanhas\/","title":{"rendered":"Campanhas"},"content":{"rendered":"<p>Durante o ano trabalhamos nas campanhas em prol dos pacientes e profissionais do hospital.<\/p>\n<p>Nossas campanhas de destaque s\u00e3o o Gente Presente de Natal, P\u00e1scoa no Hospital, A\u00e7\u00e3o de Gra\u00e7as. Nessas campanhas tamb\u00e9m fazemos a arrecada\u00e7\u00e3o de FRALDAS GERI\u00c1TRICAS (entre outros itens de necessidade b\u00e1sica) para atender os pacientes em vulnerabilidade.<\/p>\n<p>&nbsp;<\/p>\n<p><img fetchpriority=\"high\" decoding=\"async\" class=\"aligncenter wp-image-793\" style=\"font-size: 1rem;\" src=\"https:\/\/elocapelania.org.br\/wp-content\/uploads\/2021\/10\/WhatsApp-Image-2021-10-06-at-18.34.03-300x168.jpeg\" alt=\"\" width=\"406\" height=\"228\" srcset=\"https:\/\/elocapelania.org.br\/wp-content\/uploads\/2021\/10\/WhatsApp-Image-2021-10-06-at-18.34.03-300x168.jpeg 300w, https:\/\/elocapelania.org.br\/wp-content\/uploads\/2021\/10\/WhatsApp-Image-2021-10-06-at-18.34.03-1024x574.jpeg 1024w, https:\/\/elocapelania.org.br\/wp-content\/uploads\/2021\/10\/WhatsApp-Image-2021-10-06-at-18.34.03-768x431.jpeg 768w, https:\/\/elocapelania.org.br\/wp-content\/uploads\/2021\/10\/WhatsApp-Image-2021-10-06-at-18.34.03.jpeg 1280w\" sizes=\"(max-width: 406px) 100vw, 406px\" \/><\/p>\n<p>Recebemos doa\u00e7\u00f5es de FRALDAS GERI\u00c1TRICAS durante\u00a0o ano todo. Mobilize-se em prol dos mais necessitados e doe Fraldas.<\/p>\n<p>Entre em contato conosco para doar, envie mensagem pelo 41 9<span style=\"font-size: 1rem;\">201-0755.<\/span><\/p>\n<p>&nbsp;<\/p>\n","protected":false},"excerpt":{"rendered":"<p>Durante o ano trabalhamos nas campanhas em prol dos pacientes e profissionais do hospital. Nossas campanhas de destaque s\u00e3o o Gente Presente de Natal, P\u00e1scoa no Hospital, A\u00e7\u00e3o de Gra\u00e7as. Nessas campanhas tamb\u00e9m fazemos a arrecada\u00e7\u00e3o de FRALDAS GERI\u00c1TRICAS (entre outros itens de necessidade b\u00e1sica) para atender os pacientes em vulnerabilidade. &nbsp; Recebemos doa\u00e7\u00f5es de [&hellip;]<\/p>\n","protected":false},"author":1,"featured_media":0,"parent":0,"menu_order":0,"comment_status":"closed","ping_status":"closed","template":"","meta":{"footnotes":""},"class_list":["post-417","page","type-page","status-publish","hentry"],"yoast_head":"<!-- This site is optimized with the Yoast SEO plugin v22.4 - https:\/\/yoast.com\/wordpress\/plugins\/seo\/ -->\n<title>Campanhas - Elo Capelania<\/title>\n<meta name=\"robots\" content=\"index, follow, max-snippet:-1, max-image-preview:large, max-video-preview:-1\" \/>\n<link rel=\"canonical\" href=\"https:\/\/elocapelania.org.br\/10-anos-capelania\/campanhas\/\" \/>\n<meta property=\"og:locale\" content=\"pt_BR\" \/>\n<meta property=\"og:type\" content=\"article\" \/>\n<meta property=\"og:title\" content=\"Campanhas - Elo Capelania\" \/>\n<meta property=\"og:description\" content=\"Durante o ano trabalhamos nas campanhas em prol dos pacientes e profissionais do hospital. Nossas campanhas de destaque s\u00e3o o Gente Presente de Natal, P\u00e1scoa no Hospital, A\u00e7\u00e3o de Gra\u00e7as. Nessas campanhas tamb\u00e9m fazemos a arrecada\u00e7\u00e3o de FRALDAS GERI\u00c1TRICAS (entre outros itens de necessidade b\u00e1sica) para atender os pacientes em vulnerabilidade. &nbsp; Recebemos doa\u00e7\u00f5es de [&hellip;]\" \/>\n<meta property=\"og:url\" content=\"https:\/\/elocapelania.org.br\/10-anos-capelania\/campanhas\/\" \/>\n<meta property=\"og:site_name\" content=\"Elo Capelania\" \/>\n<meta property=\"article:modified_time\" content=\"2021-10-06T21:39:00+00:00\" \/>\n<meta property=\"og:image\" content=\"https:\/\/elocapelania.org.br\/wp-content\/uploads\/2021\/10\/WhatsApp-Image-2021-10-06-at-18.34.03-300x168.jpeg\" \/>\n<meta name=\"twitter:card\" content=\"summary_large_image\" \/>\n<meta name=\"twitter:label1\" content=\"Est. tempo de leitura\" \/>\n\t<meta name=\"twitter:data1\" content=\"1 minuto\" \/>\n<script type=\"application\/ld+json\" class=\"yoast-schema-graph\">{\"@context\":\"https:\/\/schema.org\",\"@graph\":[{\"@type\":\"WebPage\",\"@id\":\"https:\/\/elocapelania.org.br\/10-anos-capelania\/campanhas\/\",\"url\":\"https:\/\/elocapelania.org.br\/10-anos-capelania\/campanhas\/\",\"name\":\"Campanhas - Elo Capelania\",\"isPartOf\":{\"@id\":\"https:\/\/elocapelania.org.br\/10-anos-capelania\/#website\"},\"primaryImageOfPage\":{\"@id\":\"https:\/\/elocapelania.org.br\/10-anos-capelania\/campanhas\/#primaryimage\"},\"image\":{\"@id\":\"https:\/\/elocapelania.org.br\/10-anos-capelania\/campanhas\/#primaryimage\"},\"thumbnailUrl\":\"https:\/\/elocapelania.org.br\/wp-content\/uploads\/2021\/10\/WhatsApp-Image-2021-10-06-at-18.34.03-300x168.jpeg\",\"datePublished\":\"2021-04-03T21:27:18+00:00\",\"dateModified\":\"2021-10-06T21:39:00+00:00\",\"breadcrumb\":{\"@id\":\"https:\/\/elocapelania.org.br\/10-anos-capelania\/campanhas\/#breadcrumb\"},\"inLanguage\":\"pt-BR\",\"potentialAction\":[{\"@type\":\"ReadAction\",\"target\":[\"https:\/\/elocapelania.org.br\/10-anos-capelania\/campanhas\/\"]}]},{\"@type\":\"ImageObject\",\"inLanguage\":\"pt-BR\",\"@id\":\"https:\/\/elocapelania.org.br\/10-anos-capelania\/campanhas\/#primaryimage\",\"url\":\"https:\/\/elocapelania.org.br\/wp-content\/uploads\/2021\/10\/WhatsApp-Image-2021-10-06-at-18.34.03-300x168.jpeg\",\"contentUrl\":\"https:\/\/elocapelania.org.br\/wp-content\/uploads\/2021\/10\/WhatsApp-Image-2021-10-06-at-18.34.03-300x168.jpeg\"},{\"@type\":\"BreadcrumbList\",\"@id\":\"https:\/\/elocapelania.org.br\/10-anos-capelania\/campanhas\/#breadcrumb\",\"itemListElement\":[{\"@type\":\"ListItem\",\"position\":1,\"name\":\"In\u00edcio\",\"item\":\"https:\/\/elocapelania.org.br\/10-anos-capelania\/\"},{\"@type\":\"ListItem\",\"position\":2,\"name\":\"Campanhas\"}]},{\"@type\":\"WebSite\",\"@id\":\"https:\/\/elocapelania.org.br\/10-anos-capelania\/#website\",\"url\":\"https:\/\/elocapelania.org.br\/10-anos-capelania\/\",\"name\":\"Elo Capelania\",\"description\":\"\",\"publisher\":{\"@id\":\"https:\/\/elocapelania.org.br\/10-anos-capelania\/#organization\"},\"potentialAction\":[{\"@type\":\"SearchAction\",\"target\":{\"@type\":\"EntryPoint\",\"urlTemplate\":\"https:\/\/elocapelania.org.br\/10-anos-capelania\/?s={search_term_string}\"},\"query-input\":\"required name=search_term_string\"}],\"inLanguage\":\"pt-BR\"},{\"@type\":\"Organization\",\"@id\":\"https:\/\/elocapelania.org.br\/10-anos-capelania\/#organization\",\"name\":\"Elo Capelania\",\"url\":\"https:\/\/elocapelania.org.br\/10-anos-capelania\/\",\"logo\":{\"@type\":\"ImageObject\",\"inLanguage\":\"pt-BR\",\"@id\":\"https:\/\/elocapelania.org.br\/10-anos-capelania\/#\/schema\/logo\/image\/\",\"url\":\"https:\/\/elocapelania.org.br\/wp-content\/uploads\/2025\/08\/SELO_10_ANOS_v9-04.png\",\"contentUrl\":\"https:\/\/elocapelania.org.br\/wp-content\/uploads\/2025\/08\/SELO_10_ANOS_v9-04.png\",\"width\":735,\"height\":347,\"caption\":\"Elo Capelania\"},\"image\":{\"@id\":\"https:\/\/elocapelania.org.br\/10-anos-capelania\/#\/schema\/logo\/image\/\"}}]}<\/script>\n<!-- \/ Yoast SEO plugin. -->","yoast_head_json":{"title":"Campanhas - Elo Capelania","robots":{"index":"index","follow":"follow","max-snippet":"max-snippet:-1","max-image-preview":"max-image-preview:large","max-video-preview":"max-video-preview:-1"},"canonical":"https:\/\/elocapelania.org.br\/10-anos-capelania\/campanhas\/","og_locale":"pt_BR","og_type":"article","og_title":"Campanhas - Elo Capelania","og_description":"Durante o ano trabalhamos nas campanhas em prol dos pacientes e profissionais do hospital. Nossas campanhas de destaque s\u00e3o o Gente Presente de Natal, P\u00e1scoa no Hospital, A\u00e7\u00e3o de Gra\u00e7as. Nessas campanhas tamb\u00e9m fazemos a arrecada\u00e7\u00e3o de FRALDAS GERI\u00c1TRICAS (entre outros itens de necessidade b\u00e1sica) para atender os pacientes em vulnerabilidade. &nbsp; Recebemos doa\u00e7\u00f5es de [&hellip;]","og_url":"https:\/\/elocapelania.org.br\/10-anos-capelania\/campanhas\/","og_site_name":"Elo Capelania","article_modified_time":"2021-10-06T21:39:00+00:00","og_image":[{"url":"https:\/\/elocapelania.org.br\/wp-content\/uploads\/2021\/10\/WhatsApp-Image-2021-10-06-at-18.34.03-300x168.jpeg"}],"twitter_card":"summary_large_image","twitter_misc":{"Est. tempo de leitura":"1 minuto"},"schema":{"@context":"https:\/\/schema.org","@graph":[{"@type":"WebPage","@id":"https:\/\/elocapelania.org.br\/10-anos-capelania\/campanhas\/","url":"https:\/\/elocapelania.org.br\/10-anos-capelania\/campanhas\/","name":"Campanhas - Elo Capelania","isPartOf":{"@id":"https:\/\/elocapelania.org.br\/10-anos-capelania\/#website"},"primaryImageOfPage":{"@id":"https:\/\/elocapelania.org.br\/10-anos-capelania\/campanhas\/#primaryimage"},"image":{"@id":"https:\/\/elocapelania.org.br\/10-anos-capelania\/campanhas\/#primaryimage"},"thumbnailUrl":"https:\/\/elocapelania.org.br\/wp-content\/uploads\/2021\/10\/WhatsApp-Image-2021-10-06-at-18.34.03-300x168.jpeg","datePublished":"2021-04-03T21:27:18+00:00","dateModified":"2021-10-06T21:39:00+00:00","breadcrumb":{"@id":"https:\/\/elocapelania.org.br\/10-anos-capelania\/campanhas\/#breadcrumb"},"inLanguage":"pt-BR","potentialAction":[{"@type":"ReadAction","target":["https:\/\/elocapelania.org.br\/10-anos-capelania\/campanhas\/"]}]},{"@type":"ImageObject","inLanguage":"pt-BR","@id":"https:\/\/elocapelania.org.br\/10-anos-capelania\/campanhas\/#primaryimage","url":"https:\/\/elocapelania.org.br\/wp-content\/uploads\/2021\/10\/WhatsApp-Image-2021-10-06-at-18.34.03-300x168.jpeg","contentUrl":"https:\/\/elocapelania.org.br\/wp-content\/uploads\/2021\/10\/WhatsApp-Image-2021-10-06-at-18.34.03-300x168.jpeg"},{"@type":"BreadcrumbList","@id":"https:\/\/elocapelania.org.br\/10-anos-capelania\/campanhas\/#breadcrumb","itemListElement":[{"@type":"ListItem","position":1,"name":"In\u00edcio","item":"https:\/\/elocapelania.org.br\/10-anos-capelania\/"},{"@type":"ListItem","position":2,"name":"Campanhas"}]},{"@type":"WebSite","@id":"https:\/\/elocapelania.org.br\/10-anos-capelania\/#website","url":"https:\/\/elocapelania.org.br\/10-anos-capelania\/","name":"Elo Capelania","description":"","publisher":{"@id":"https:\/\/elocapelania.org.br\/10-anos-capelania\/#organization"},"potentialAction":[{"@type":"SearchAction","target":{"@type":"EntryPoint","urlTemplate":"https:\/\/elocapelania.org.br\/10-anos-capelania\/?s={search_term_string}"},"query-input":"required name=search_term_string"}],"inLanguage":"pt-BR"},{"@type":"Organization","@id":"https:\/\/elocapelania.org.br\/10-anos-capelania\/#organization","name":"Elo Capelania","url":"https:\/\/elocapelania.org.br\/10-anos-capelania\/","logo":{"@type":"ImageObject","inLanguage":"pt-BR","@id":"https:\/\/elocapelania.org.br\/10-anos-capelania\/#\/schema\/logo\/image\/","url":"https:\/\/elocapelania.org.br\/wp-content\/uploads\/2025\/08\/SELO_10_ANOS_v9-04.png","contentUrl":"https:\/\/elocapelania.org.br\/wp-content\/uploads\/2025\/08\/SELO_10_ANOS_v9-04.png","width":735,"height":347,"caption":"Elo Capelania"},"image":{"@id":"https:\/\/elocapelania.org.br\/10-anos-capelania\/#\/schema\/logo\/image\/"}}]}},"_links":{"self":[{"href":"https:\/\/elocapelania.org.br\/10-anos-capelania\/wp-json\/wp\/v2\/pages\/417","targetHints":{"allow":["GET"]}}],"collection":[{"href":"https:\/\/elocapelania.org.br\/10-anos-capelania\/wp-json\/wp\/v2\/pages"}],"about":[{"href":"https:\/\/elocapelania.org.br\/10-anos-capelania\/wp-json\/wp\/v2\/types\/page"}],"author":[{"embeddable":true,"href":"https:\/\/elocapelania.org.br\/10-anos-capelania\/wp-json\/wp\/v2\/users\/1"}],"replies":[{"embeddable":true,"href":"https:\/\/elocapelania.org.br\/10-anos-capelania\/wp-json\/wp\/v2\/comments?post=417"}],"version-history":[{"count":5,"href":"https:\/\/elocapelania.org.br\/10-anos-capelania\/wp-json\/wp\/v2\/pages\/417\/revisions"}],"predecessor-version":[{"id":796,"href":"https:\/\/elocapelania.org.br\/10-anos-capelania\/wp-json\/wp\/v2\/pages\/417\/revisions\/796"}],"wp:attachment":[{"href":"https:\/\/elocapelania.org.br\/10-anos-capelania\/wp-json\/wp\/v2\/media?parent=417"}],"curies":[{"name":"wp","href":"https:\/\/api.w.org\/{rel}","templated":true}]}}